/(-4).
2, 3, 5
Let r(w) = w**2. Let c(t) = t**3 + 5*t**2 + 14*t + 10. Let u(v) = c(v) + 6*r(v). What are the prime factors of u(-6)?
2, 53
Let b(h) = 52*h**3 + 2*h**2 + 2*h - 3. Let f be b(2). Suppose -f = -6*l + l. What are the prime factors of l?
5, 17
Let n(p) = -24*p**3 - 3*p**2 - p - 2. Let i be n(-2). Suppose -3*a + a - 4*b = -i, -90 = -a - b. What are the prime factors of a?
2, 3, 5
Suppose -50*r = -26671 - 29579. What are the prime factors of r?
3, 5
What are the prime factors of 56106/51 + (-2)/17?
2, 5, 11
Let y be ((-24)/15)/((-1)/(-5)). Let d = 15 + -1. Let w = d + y. List the prime factors of w.
2, 3
Let n(g) = -296*g + 699. List the prime factors of n(-8).
3067
Let i(q) = 3*q**2 - 2*q + 1. Let d = 12 + -7. Suppose 2*k + 3 = d. List the prime factors of i(k).
2
Suppose 0 = 54*h - 27780 - 33834. List the prime factors of h.
7, 163
Let u = 10 + -62. Let w = 15 - u. What are the prime factors of w?
67
Let g(u) = -6*u - 5. Suppose 3*b + 8 = 2. List the prime factors of g(b).
7
Suppose 2*g + 11 = -0*g - t, 18 = -3*g - 3*t. Let k(p) = 3*p**2 - 6*p - 2. Let l(j) = j**2. Let h(w) = k(w) - 4*l(w). List the prime factors of h(g).
3
Let w = 15 + -18. List the prime factors of (-29)/w - 14/21.
3
Let a(q) be the first derivative of q**2 + 6*q - 3. Let j be a(-6). Let x = j - -22. List the prime factors of x.
2
Suppose 0 = 7*k - 5*k. Let p be 0 + k + 6/2. Suppose -5*z + 43 = 3*i, 5*i - p*i = -z + 10. What are the prime factors of z?
2
Let q(v) = v**3 + 14*v**2 - 4*v - 5. Let z be q(-14). Suppose 4*w + 166 = y, 3*y + 2*w - 535 = -z. List the prime factors of y.
2, 3
Let n = -78 - -82. Suppose -n*l = -0*l - 476. List the prime factors of l.
7, 17
Suppose -3*n - 1125 = -5*d - 8*n, -898 = -4*d - 3*n. What are the prime factors of d?
223
Suppose 3*w - 9 + 18 = 0. What are the prime factors of (-3 + -237)/w + (-4 - -1)?
7, 11
Let v(i) = i**3 + i**2 - i - 1. What are the prime factors of v(4)?
3, 5
Let q = 1392 - -1206. What are the prime factors of q?
2, 3, 433
Let b = -163 + 1252. List the prime factors of b.
3, 11
List the prime factors of (-26)/(-91) - (-943)/7.
3, 5
Let r(s) = -s**3 + s**2 + 6*s - 2. Let l be r(4). What are the prime factors of 2706/13 + l/169?
2, 13
Let d = -20 - -4. List the prime factors of (d/(-10))/((-21)/(-105)).
2
Suppose -4*z = 4*k - 9984, -2 = 5*z - 27. List the prime factors of k.
47, 53
Let d(n) = 3433*n**2 - 4*n + 6. List the prime factors of d(1).
3, 5, 229
Suppose -4*t = -t. Let p be 1*(2 - (t - 2)). Suppose p*l = 56 - 12. What are the prime factors of l?
11
Let h = 96 - 39. Let q(u) = u**2 + 2*u - 11. Let r be q(3). Suppose 2*m + 9 - h = r*d, 0 = 3*m - d - 62. List the prime factors of m.
2, 5
Let a(k) = 2*k + 11. Let h be a(-8). Let o = 0 - h. Suppose -o*t = -24 - 6. What are the prime factors of t?
2, 3
Suppose 13*i = 24*i - 2365. Let z = i + -122. What are the prime factors of z?
3, 31
Let x(b) = -5*b - 1. Let u be (-4)/14 - (-15)/(-21). What are the prime factors of x(u)?
2
Suppose -4*x - 6471 = -5*s, 13*s - 2*x = 8*s + 6473. What are the prime factors of s?
5, 7, 37
Let p(t) = 2*t - 1. Let x(c) = -c + 2. Let z(v) = 5*p(v) + 6*x(v). List the prime factors of z(8).
3, 13
Suppose 0 = -4*u - 0*u - 20. Let k be (-12 - u)/((-2)/16). Suppose -4*x + o = -k, -2*x + 6*o + 30 = 5*o. List the prime factors of x.
13
Suppose 32 = 4*t + 4*j, -3*t + 2*j - 12 = -4*t. Suppose -5 - t = -3*k. Suppose 3*h - k = 27. List the prime factors of h.
2, 5
Let v(t) = 24*t - 30. Let k be v(6). Suppose -2*p = 5*m - k, 5*p + 185 = 8*p + 4*m. List the prime factors of p.
67
Let l = -1571 + 3772. What are the prime factors of l?
31, 71
Suppose 26*v = 24*v + 144. Let y = v + -41. Suppose 0 = 4*a + y - 135. What are the prime factors of a?
2, 13
Let a = 3292 + -742. What are the prime factors of a?
2, 3, 5, 17
Let w be (2 - 206/6)/(8/(-24)). Suppose 9*a = 10*a - w. What are the prime factors of a?
97
Suppose 5*c = -4 - 6. Let r(u) = -2*u**3 - 4*u**2 - 2*u. Let k be r(c). Suppose -25 - 27 = -k*g. List the prime factors of g.
13
Suppose 4*s = 610 + 262. List the prime factors of s.
2, 109
Let d = 14 + -6. Let z = d - -2. Let o = z - -11. What are the prime factors of o?
3, 7
Let h(n) = 5*n - 19. Let w be h(-12). Let d = w + 118. List the prime factors of d.
3, 13
Let b = -32 + 36. Let i(v) be the first derivative of -v**4/4 + 2*v**3 + 2*v + 4. What are the prime factors of i(b)?
2, 17
Let c(b) = -3*b**3 + 9*b**2 + 6*b + 16. Let s(u) = -4*u**3 + 9*u**2 + 6*u + 16. Let a(j) = 5*c(j) - 4*s(j). List the prime factors of a(-6).
2, 11
Suppose -2 = -2*o - 0. Let w = -3 + o. What are the prime factors of ((-48)/w)/(-4)*-3?
2, 3
Suppose 5*d - 2*d = 330. Let v = -42 + d. Let n = -44 + v. List the prime factors of n.
2, 3
Let y(q) = 5*q. Let z be y(5). Suppose -4*c = -r + 21, z + 18 = 3*r - 2*c. Suppose 0 = 5*m - 62 - r. List the prime factors of m.
3, 5
Suppose -2*r - 110 = -2*o - 308, -2*r - 2*o + 182 = 0. Suppose 2*d - 12 = -l + r, 5*d = -l + 260. List the prime factors of d.
3, 17
List the prime factors of 478*5/15*18/12.
239
Let l be (4 - -2)*3/(-9). Let c(y) = 22*y**2 + 5*y + 2. List the prime factors of c(l).
2, 5
List the prime factors of ((-30)/(-75))/(-1 + 14682/14680).
2, 367
Suppose -26*z + 23*z = 0. Suppose z = 8*o - 6*o - 44. List the prime factors of o.
2, 11
Let y be 0/(4*2/4). Let a(w) = -5*w + 13. Let v be a(2). Suppose -v*l - 2*l + 110 = y. What are the prime factors of l?
2, 11
Let f(g) = -g + 2. Let k be f(4). List the prime factors of k + (52 - -3) - 2.
3, 17
What are the prime factors of (1/2)/(((-68)/7584)/(-17))?
2, 3, 79
Let x = 284 - -179. Suppose 5*q + 3*o - 717 - x = 0, 4*o + 912 = 4*q. List the prime factors of q.
233
Suppose 0 = 4*g - 5*g + 321. List the prime factors of g.
3, 107
Let l(p) = -2*p**2 + 60*p + 71. List the prime factors of l(30).
71
Let a = -23 - -55. Let t = a + -15. What are the prime factors of t?
17
Let m(u) = -165*u + 108. What are the prime factors of m(-17)?
3, 971
Let q = -14 - 3. Let a = 2 - q. List the prime factors of a.
19
List the prime factors of (1 + (-338)/5)/((-3)/10).
2, 3, 37
Let p(c) be the third derivative of c**5/20 + c**4/8 + 5*c**3/6 - 3*c**2. List the prime factors of p(-7).
131
Let p(m) = -8*m + 3 - 7 + 3. List the prime factors of p(-6).
47
Let t(v) = -2*v - 12. Let n be t(-9). Suppose -n + 22 = 4*r. Suppose r*i - 19 = 21. What are the prime factors of i?
2, 5
Suppose b - 2*q - 974 = 0, 4*b + 20*q - 17*q = 3885. Suppose 0 = 2*u - 2, -7*f + 3*f - 4*u + b = 0. What are the prime factors of f?
2, 11
Let y(q) = -q**3 + 4*q**2 - 28*q - 13. List the prime factors of y(-7).
2, 19
Let n = -80 - -83. Suppose -n*g + 601 = 2*y, y + 66 = 5*g - 940. List the prime factors of g.
3, 67
Let b be -5*(1 + -1 - 2). Suppose 5*d + b = 35. List the prime factors of 834/30 - (-1)/d.
2, 7
Let b = 19 - 20. Let h be (b - 0)/((-2)/4). Suppose 0 = -3*q - 4*m + 44, -4*q + h*m + 47 = 5*m. List the prime factors of q.
2
Suppose 15*w = 70 - 10. Suppose 5*g + 6*s = 3*s + 254, 4*s = -w*g + 200. What are the prime factors of g?
2, 13
Let o(g) be the third derivative of -11*g**4/24 - 7*g**3/2 - 6*g**2. List the prime factors of o(-7).
2, 7
Suppose 0*d - 13*d + 17979 = 0. List the prime factors of d.
3, 461
Suppose 5*z - 2*g = 3*g + 30, -5*z = -2*g - 36. Suppose x - 26 = -z. Let t = x + 1. List the prime factors of t.
19
Suppose -4*t - 4*t = -2808. List the prime factors of t.
3, 13
Let s = 429 + -18. List the prime factors of s.
3, 137
Let t = -77 + 112. Let h be 4*-1 + t + -3. Suppose 2*g - 88 - h = 0. List the prime factors of g.
2, 29
Let u be ((-1)/4 + 2)/(1/68). Let g = u + -33. What are the prime factors of g?
2, 43
Let w(n) = 577*n - 23. What are the prime factors of w(2)?
3, 13, 29
Let t(v) = 59*v**3 + v**2 - v - 1. Let u be t(1). Suppose u = -18*k + 20*k. List the prime factors of k.
29
Suppose -8*q = -4*q - 56. Let p(o) = o**2 - 11*o + 8. What are the prime factors of p(q)?
2, 5
Let z be 6 + (-1 + 0)/((-3)/(-6)). Suppose -z*o + 80 = 4*o. List the prime factors of o.
2, 5
Suppose -32*f + 33473 = -15*f. List the prime factors of f.
11, 179
Let y(x) = -x**3 + x - 3. Let c be y(-3). Let j = -29 + c. List the prime factors of (j/(-12))/((-4)/(-234)).
3, 13
Let q(o) be the first derivative of o**2 + o - 12. What 